
Let v(i) = -1 - 5 - 3*i + 2*i. Let l be v(-6). Suppose -2*y + 7 + 3 = l, y - 9 = -2*j. List the prime factors of j.
2
Let z be -2*1 - (0 + -97). Suppose -5*k - 150 = -5*a, -3*a + 5*k - 1 + z = 0. Suppose 4*g - 4*d = a, 3*d - 5 = 4*g - 30. List the prime factors of g.
2
Suppose -4*a = 3*k - 371, 3*k - a - 591 = -230. List the prime factors of k.
11
Suppose -4*k = 4, v + 5*k = 4*v + 103. Let x be 2 + -1 + -1 - v. Suppose 0 = -0*y + 4*y - x. List the prime factors of y.
3
Let m = -102 - -150. List the prime factors of m.
2, 3
Suppose -n + 28 = -21. Suppose -3*i = 0, -15 + n = 2*a + 5*i. What are the prime factors of a?
17
Let j(d) = -d**2 - 8*d + 4. Let o(r) = -r**2 - 8*r + 5. Let c(q) = 3*j(q) - 2*o(q). Let f(g) be the first derivative of c(g). List the prime factors of f(-6).
2
Suppose 9*y + 0*y = 828. What are the prime factors of y?
2, 23
Let u(c) = -c**3 - 7*c**2 - 4*c - 8. Let q be u(-7). Suppose 0 = 3*n + 12, o - 3*o = 5*n - q. List the prime factors of o.
2, 5
Let t(k) = -2*k**3 - 5*k**2 + 12*k + 26. What are the prime factors of t(-7)?
383
Let t(x) = 0*x**2 - 12*x - 3 + 12*x + x**2. What are the prime factors of t(4)?
13
Suppose 4*k + 1 = 5*k. Suppose 0 = q + k - 11. What are the prime factors of q?
2, 5
Let o(j) = -2*j**3 - 5*j**2 - 8*j - 5. List the prime factors of o(-6).
5, 59
Suppose -3*x - 2*b + 2 = 0, 2*x + 0 = 2*b - 2. Suppose x = p - 2*w - 13, 3*p + w - 13 = -2. Let d(u) = -u**2 + 9*u - 4. List the prime factors of d(p).
2
Suppose -4*v = -206 - 10. List the prime factors of v.
2, 3
Let i be 1*(-4 + (-44)/(-4)). Let m be (-1206)/(-7) + 4/(-14). What are the prime factors of (-2)/i + m/14?
2, 3
Let s(u) = -u**3 - 10*u**2 - 12*u - 13. Let h be (1/2)/((-3)/(-48)). Let w be (-19 - -1)*h/16. What are the prime factors of s(w)?
2, 7
Let i(f) = -f - 4. Let o be i(-6). Suppose -10 = -o*l + 4*l, 5*k = -l + 15. Suppose 4*c + 3*u = 45, 0 = -3*c + 7*c - k*u - 24. What are the prime factors of c?
3
Suppose -6*r + 7*r + 985 = 3*p, 4*p - r = 1312. List the prime factors of p.
3, 109
Let d(s) = -24*s - 3. What are the prime factors of d(-2)?
3, 5
Let l(z) = 2*z - 9. Let s be l(7). Suppose u - 4*g - s = -g, 0 = -4*g + 8. List the prime factors of u.
11
Let h(y) = y**2 - 6*y + 5. Let n be h(6). Let q = -8 + n. Let i(j) = 2*j**2 + 5*j + 2. List the prime factors of i(q).
5
Let s(f) = -f**3 + 0*f**2 - 5*f**2 + 2*f + 2 + 3*f**2. What are the prime factors of s(-3)?
5
Let i(u) = 2*u**2 - 6*u + 6. What are the prime factors of i(6)?
2, 3, 7
Suppose 4*s - 17 - 23 = 0. Suppose s - 2 = 2*g. List the prime factors of g.
2
Let y be 0 + (2 + -14)/(-2). Suppose -21 = -z - 5*v, -z + y = v - 7. List the prime factors of z.
11
List the prime factors of -2 + 127 + 15/3.
2, 5, 13
Suppose -72 = 29*u - 35*u. What are the prime factors of u?
2, 3
Suppose -12 = -6*q + 3*q. Suppose -q = -3*b + 8. What are the prime factors of b?
2
Let u(g) = 2*g**2 + 5*g - 4 - 3*g**2 + 0*g**2. Let z be u(3). Suppose -z = -5*i + 8. What are the prime factors of i?
2
Suppose -14*c = -13*c - 36. List the prime factors of c.
2, 3
Let z(h) = -h + 13. Let i = -2 + 2. List the prime factors of z(i).
13
Let c be (-8 - 2)*2/2. Let j(f) = f**3 + 11*f**2 + 10*f + 3. List the prime factors of j(c).
3
Suppose -3*i + 2 + 7 = 0. Suppose i*u = -0*m - m - 10, -m - 15 = 4*u. Suppose 0 = -x - 2*v - 1, x - v + 5 = -m*v. List the prime factors of x.
3
Suppose -t + 44 + 4 = 0. What are the prime factors of t?
2, 3
Let l(p) = p**2 - 4*p - 8. Let k be l(6). Suppose 6*r = 3*r + 3, 0 = k*y + 2*r - 42. What are the prime factors of y?
2, 5
Let n(r) = -r**2 + 9*r. Let a be n(8). Suppose 0*q + a = 4*q. What are the prime factors of q?
2
Let m(u) be the third derivative of -u**6/24 - u**5/15 - u**4/12 + u**3/3 - 4*u**2. What are the prime factors of m(-2)?
2, 3, 5
Let m = -2 + 6. Suppose m*d - 4 = 4. Suppose -d*t + 2 = -2. List the prime factors of t.
2
Suppose 4268 = -6*r + 28*r. List the prime factors of r.
2, 97
Suppose -8 = -r + 1. Suppose h - r = -j, -2 = -h + 2*h. What are the prime factors of j?
11
Suppose z - 585 = -2*z. What are the prime factors of z?
3, 5, 13
Let u(y) = -y**3 - 10*y**2 - 12*y - 2. What are the prime factors of u(-9)?
5
Let v = -123 + 277. Suppose 3*p + u = 90, 4*p + 3*u = -p + v. What are the prime factors of p?
29
Suppose r - 5*n = 4*r - 193, -3*r + 4*n = -148. List the prime factors of r.
2, 7
Let o = 129 + -70. What are the prime factors of o?
59
Suppose 6*u = 3*u - 18. Let n = 11 + u. List the prime factors of n.
5
Let f = -3 - -7. Let i(p) = p**2 + 3*p + 3. Let j be i(-3). Suppose -f*w + k - 6*k = -30, -k = -w + j. What are the prime factors of w?
5
Let z(m) = m - 2. Let t be z(5). Suppose -3*b = -3*r - r + 26, b + 22 = t*r. List the prime factors of r.
2
Let b = -138 + 66. Let v = 111 + b. What are the prime factors of v?
3, 13
Let c = -1 - 12. Let o = c - -30. What are the prime factors of o?
17
Let o = -3 - -1. List the prime factors of 24/(-4)*1/o.
3
Let y be 63/(-14)*(-2)/3. Suppose -3*o + b + 73 = 0, 5*b - 49 - 54 = -y*o. What are the prime factors of o?
2, 13
Suppose -2*r - q = -6*q - 21, -q - 3 = 0. Suppose -r*n + 27 = -0. Suppose -11 = -5*p + n. List the prime factors of p.
2
List the prime factors of -2 + -194*3/(-6).
5, 19
Suppose 5*f - 2*c + 3*c = 314, 0 = 3*f - 2*c - 178. List the prime factors of f.
2, 31
Let b be -9*-1*(-1)/3. Suppose -5*t + 0 = 5. Let v = t - b. What are the prime factors of v?
2
Suppose -2*t - 7 = 5*v, t + 0*v = 2*v + 10. Let f be 8 - 1 - (t - 2). Suppose 0 = -3*h - f*m + 34, 0 = h - 5*m + 2. What are the prime factors of h?
2
List the prime factors of 25 + 3 + (3 - 10).
3, 7
Suppose 0*a - 3*a = -15. Suppose -2*g + 0*g + 2*v = -26, 0 = -2*g - a*v + 19. What are the prime factors of g?
2, 3
Let i = 76 - 32. What are the prime factors of i?
2, 11
Let j(q) = q**2 - 3*q - 3. Let c be 2/7 + 204/21. Suppose 0*m = -2*m + c. What are the prime factors of j(m)?
7
Suppose -2*n - 8 = -4*n + 5*x, 2*n = -5*x - 12. Let h be 3/n*(-1)/3. Let c = 7 + h. What are the prime factors of c?
2
Let m = -20 - 12. Let p be (4/(-6))/(2/(-9)). What are the prime factors of p/(-4)*m/2?
2, 3
Let d = -1 - -7. Suppose b = d*b - 110. What are the prime factors of b?
2, 11
Let r = -11 - -15. Suppose 0*a = -r*a + 64. What are the prime factors of a?
2
Suppose -4*z + 63 = 3*d, 0*z + z = 4*d + 30. Let i be 2/((z/(-105))/(-3)). Suppose 5*c - 5*f = i, -2*c + 4*f + 12 = -0*c. What are the prime factors of c?
2
Let m(q) = q**3 + 8*q**2 - 11*q. Let p(l) = l - 2. Let j be p(-7). List the prime factors of m(j).
2, 3
Let p be (-54)/(-12) - (-2)/(-4). Let y be p/10 - (-296)/10. List the prime factors of 4/y + 965/75.
13
Let a = -1 - -1. Suppose -5*z + 55 = -a*z. What are the prime factors of z?
11
Let f be (-2)/(-6) - (-340)/6. Let o = f + -26. What are the prime factors of o?
31
Let m(i) = -i**3 + 7*i**2 + 8*i + 15. What are the prime factors of m(8)?
3, 5
Suppose 0 = 4*k - 3*k. Suppose k = 3*t + 4*q + 41, q = -2*t - 15 - 4. Let x = t + 11. What are the prime factors of x?
2
Let u be (7 - 4) + (3 - 2). Suppose 2 = -s - u*v + 13, 0 = 3*s - 4*v - 49. What are the prime factors of s?
3, 5
List the prime factors of ((-6)/(-4))/(14/28).
3
Suppose -29 = -3*u + 5*z, -5*z + 7*z - 100 = -5*u. List the prime factors of u.
2, 3
Suppose -q = q + 54. Let k = q - -17. Let s(j) = j**2 + 11*j + 12. What are the prime factors of s(k)?
2
Suppose 0 = -l - 3*u + 2, l = -3*l - u + 8. Suppose 0 = c + l + 5. What are the prime factors of 12/42 + (-75)/c?
11
Let c(x) = -x**2 + 4*x + 1. Let d be c(7). Let k be (-5)/d - (-23)/4. What are the prime factors of (4/k)/((-6)/(-27))?
3
Suppose -4*m + 5*m + 2 = 0. Let n be -32 + ((-1)/1 - m). Let r = n - -43. What are the prime factors of r?
2, 3
Let h(q) be the second derivative of q**4/4 + q**3/3 - q**2/2 - 2*q. Suppose -4*x = 5*n - 9, 0*x + n = -2*x + 3. List the prime factors of h(x).
2
Suppose 5*j - 297 = -7. Suppose -5*q + 2 = -j. What are the prime factors of q?
2, 3
Suppose -3*o - 15 = -57. What are the prime factors of o?
2, 7
Let o(m) be the first derivative of 2*m**3/3 + 7*m**2/2 + 8*m - 4. What are the prime factors of o(-5)?
23
Suppose q = -s - 3*q + 133, 5*s - 2*q - 753 = 0. List the prime factors of s.
149
Suppose r = 4*r - 15. Suppose 5*z = -4*o + 7, r*z